{"id":1647,"date":"2023-02-10T12:32:26","date_gmt":"2023-02-10T11:32:26","guid":{"rendered":"http:\/\/ungraphiste.danielfortin.fr\/?page_id=1647"},"modified":"2023-02-10T12:49:50","modified_gmt":"2023-02-10T11:49:50","slug":"real-au-goutthe-gourmand","status":"publish","type":"page","link":"https:\/\/ungraphiste.danielfortin.fr\/index.php\/real-au-goutthe-gourmand\/","title":{"rendered":"Real-au Gout&rsquo;the Gourmand"},"content":{"rendered":"\t\t<div data-elementor-type=\"wp-page\" data-elementor-id=\"1647\" class=\"elementor elementor-1647\">\n\t\t\t\t\t\t<section class=\"elementor-section elementor-top-section elementor-element elementor-element-5f3ef33 elementor-section-boxed elementor-section-height-default elementor-section-height-default\" data-id=\"5f3ef33\" data-element_type=\"section\" data-e-type=\"section\">\n\t\t\t\t\t\t<div class=\"elementor-container elementor-column-gap-default\">\n\t\t\t\t\t<div class=\"elementor-column elementor-col-66 elementor-top-column elementor-element elementor-element-2623d58 elementor-invisible\" data-id=\"2623d58\" data-element_type=\"column\" data-e-type=\"column\" data-settings=\"{&quot;animation&quot;:&quot;fadeInLeft&quot;}\">\n\t\t\t<div class=\"elementor-widget-wrap elementor-element-populated\">\n\t\t\t\t\t\t<div class=\"elementor-element elementor-element-5c9afde elementor-widget elementor-widget-image\" data-id=\"5c9afde\" data-element_type=\"widget\" data-e-type=\"widget\" data-widget_type=\"image.default\">\n\t\t\t\t<div class=\"elementor-widget-container\">\n\t\t\t\t\t\t\t\t\t\t\t\t\t\t\t<img fetchpriority=\"high\" decoding=\"async\" width=\"768\" height=\"626\" src=\"https:\/\/ungraphiste.danielfortin.fr\/wp-content\/uploads\/2023\/02\/GoutTheGourmand_IV__Coul_AvecFond_Carre_SurFonce-copie-768x626.jpg\" class=\"attachment-medium_large size-medium_large wp-image-1652\" alt=\"un graphiste en Mayenne - R\u00e9alisation - au Gout&#039;the Gourmand - Logo\" srcset=\"https:\/\/ungraphiste.danielfortin.fr\/wp-content\/uploads\/2023\/02\/GoutTheGourmand_IV__Coul_AvecFond_Carre_SurFonce-copie-768x626.jpg 768w, https:\/\/ungraphiste.danielfortin.fr\/wp-content\/uploads\/2023\/02\/GoutTheGourmand_IV__Coul_AvecFond_Carre_SurFonce-copie-300x244.jpg 300w, https:\/\/ungraphiste.danielfortin.fr\/wp-content\/uploads\/2023\/02\/GoutTheGourmand_IV__Coul_AvecFond_Carre_SurFonce-copie-1024x834.jpg 1024w, https:\/\/ungraphiste.danielfortin.fr\/wp-content\/uploads\/2023\/02\/GoutTheGourmand_IV__Coul_AvecFond_Carre_SurFonce-copie.jpg 1369w\" sizes=\"(max-width: 768px) 100vw, 768px\" \/>\t\t\t\t\t\t\t\t\t\t\t\t\t\t\t<\/div>\n\t\t\t\t<\/div>\n\t\t\t\t<div class=\"elementor-element elementor-element-eb564ba elementor-widget elementor-widget-image\" data-id=\"eb564ba\" data-element_type=\"widget\" data-e-type=\"widget\" data-widget_type=\"image.default\">\n\t\t\t\t<div class=\"elementor-widget-container\">\n\t\t\t\t\t\t\t\t\t\t\t\t\t\t\t<img decoding=\"async\" width=\"768\" height=\"543\" src=\"https:\/\/ungraphiste.danielfortin.fr\/wp-content\/uploads\/2023\/02\/CV_Real_Light-768x543.jpg\" class=\"attachment-medium_large size-medium_large wp-image-1654\" alt=\"un graphiste en Mayenne - R\u00e9alisation - au Gout&#039;the Gourmand - Carte de visite\" srcset=\"https:\/\/ungraphiste.danielfortin.fr\/wp-content\/uploads\/2023\/02\/CV_Real_Light-768x543.jpg 768w, https:\/\/ungraphiste.danielfortin.fr\/wp-content\/uploads\/2023\/02\/CV_Real_Light-300x212.jpg 300w, https:\/\/ungraphiste.danielfortin.fr\/wp-content\/uploads\/2023\/02\/CV_Real_Light-1024x724.jpg 1024w, https:\/\/ungraphiste.danielfortin.fr\/wp-content\/uploads\/2023\/02\/CV_Real_Light-1536x1086.jpg 1536w, https:\/\/ungraphiste.danielfortin.fr\/wp-content\/uploads\/2023\/02\/CV_Real_Light.jpg 1754w\" sizes=\"(max-width: 768px) 100vw, 768px\" \/>\t\t\t\t\t\t\t\t\t\t\t\t\t\t\t<\/div>\n\t\t\t\t<\/div>\n\t\t\t\t<div class=\"elementor-element elementor-element-bcca124 elementor-widget elementor-widget-image\" data-id=\"bcca124\" data-element_type=\"widget\" data-e-type=\"widget\" data-widget_type=\"image.default\">\n\t\t\t\t<div class=\"elementor-widget-container\">\n\t\t\t\t\t\t\t\t\t\t\t\t\t\t\t<img decoding=\"async\" width=\"768\" height=\"576\" src=\"https:\/\/ungraphiste.danielfortin.fr\/wp-content\/uploads\/2023\/02\/Enseigne_Real_Light-768x576.jpg\" class=\"attachment-medium_large size-medium_large wp-image-1655\" alt=\"un graphiste en Mayenne - R\u00e9alisation - au Gout&#039;the Gourmand - Enseigne\" srcset=\"https:\/\/ungraphiste.danielfortin.fr\/wp-content\/uploads\/2023\/02\/Enseigne_Real_Light-768x576.jpg 768w, https:\/\/ungraphiste.danielfortin.fr\/wp-content\/uploads\/2023\/02\/Enseigne_Real_Light-300x225.jpg 300w, https:\/\/ungraphiste.danielfortin.fr\/wp-content\/uploads\/2023\/02\/Enseigne_Real_Light-1024x768.jpg 1024w, https:\/\/ungraphiste.danielfortin.fr\/wp-content\/uploads\/2023\/02\/Enseigne_Real_Light-1536x1152.jpg 1536w, https:\/\/ungraphiste.danielfortin.fr\/wp-content\/uploads\/2023\/02\/Enseigne_Real_Light.jpg 1881w\" sizes=\"(max-width: 768px) 100vw, 768px\" \/>\t\t\t\t\t\t\t\t\t\t\t\t\t\t\t<\/div>\n\t\t\t\t<\/div>\n\t\t\t\t\t<\/div>\n\t\t<\/div>\n\t\t\t\t<div class=\"elementor-column elementor-col-33 elementor-top-column elementor-element elementor-element-a14e85e\" data-id=\"a14e85e\" data-element_type=\"column\" data-e-type=\"column\" data-settings=\"{&quot;background_background&quot;:&quot;classic&quot;,&quot;animation&quot;:&quot;none&quot;}\">\n\t\t\t<div class=\"elementor-widget-wrap elementor-element-populated\">\n\t\t\t\t\t\t<section class=\"elementor-section elementor-inner-section elementor-element elementor-element-89f4388 stick elementor-section-content-space-between elementor-section-boxed elementor-section-height-default elementor-section-height-default elementor-invisible\" data-id=\"89f4388\" data-element_type=\"section\" data-e-type=\"section\" data-settings=\"{&quot;animation&quot;:&quot;fadeInRight&quot;}\">\n\t\t\t\t\t\t<div class=\"elementor-container elementor-column-gap-default\">\n\t\t\t\t\t<div class=\"elementor-column elementor-col-100 elementor-inner-column elementor-element elementor-element-db4be22\" data-id=\"db4be22\" data-element_type=\"column\" data-e-type=\"column\" data-settings=\"{&quot;background_background&quot;:&quot;classic&quot;}\">\n\t\t\t<div class=\"elementor-widget-wrap elementor-element-populated\">\n\t\t\t\t\t\t<div class=\"elementor-element elementor-element-8f7dc19 elementor-widget elementor-widget-heading\" data-id=\"8f7dc19\" data-element_type=\"widget\" data-e-type=\"widget\" data-widget_type=\"heading.default\">\n\t\t\t\t<div class=\"elementor-widget-container\">\n\t\t\t\t\t<h2 class=\"elementor-heading-title elementor-size-xl\">AU GO\u00dbT'TH\u00c9 GOURMAND<\/h2>\t\t\t\t<\/div>\n\t\t\t\t<\/div>\n\t\t\t\t<div class=\"elementor-element elementor-element-c55a97d elementor-widget__width-initial elementor-widget elementor-widget-text-editor\" data-id=\"c55a97d\" data-element_type=\"widget\" data-e-type=\"widget\" data-widget_type=\"text-editor.default\">\n\t\t\t\t<div class=\"elementor-widget-container\">\n\t\t\t\t\t\t\t\t\t<h4>Identit\u00e9 visuelle<\/h4><p>Cr\u00e9ation du logo, \u00e9laboration de la charte graphique, d\u00e9clinaison sur supports imprim\u00e9s (carte de visite et enseigne).<\/p>\t\t\t\t\t\t\t\t<\/div>\n\t\t\t\t<\/div>\n\t\t\t\t<div class=\"elementor-element elementor-element-e21632f elementor-widget__width-initial elementor-absolute elementor-view-default elementor-widget elementor-widget-icon\" data-id=\"e21632f\" data-element_type=\"widget\" data-e-type=\"widget\" data-settings=\"{&quot;_position&quot;:&quot;absolute&quot;}\" data-widget_type=\"icon.default\">\n\t\t\t\t<div class=\"elementor-widget-container\">\n\t\t\t\t\t\t\t<div class=\"elementor-icon-wrapper\">\n\t\t\t<a class=\"elementor-icon\" href=\"\/index.php\/realisations\/\">\n\t\t\t<i aria-hidden=\"true\" class=\"fas fa-angle-left\"><\/i>\t\t\t<\/a>\n\t\t<\/div>\n\t\t\t\t\t\t<\/div>\n\t\t\t\t<\/div>\n\t\t\t\t\t<\/div>\n\t\t<\/div>\n\t\t\t\t\t<\/div>\n\t\t<\/section>\n\t\t\t\t\t<\/div>\n\t\t<\/div>\n\t\t\t\t\t<\/div>\n\t\t<\/section>\n\t\t\t\t<\/div>\n\t\t","protected":false},"excerpt":{"rendered":"<p>AU GO\u00dbT&rsquo;TH\u00c9 GOURMAND Identit\u00e9 visuelle Cr\u00e9ation du logo, \u00e9laboration de la charte graphique, d\u00e9clinaison sur supports imprim\u00e9s (carte de visite et enseigne).<\/p>\n","protected":false},"author":1,"featured_media":0,"parent":0,"menu_order":0,"comment_status":"closed","ping_status":"closed","template":"","meta":{"_kad_post_transparent":"","_kad_post_title":"hide","_kad_post_layout":"fullwidth","_kad_post_sidebar_id":"","_kad_post_content_style":"unboxed","_kad_post_vertical_padding":"hide","_kad_post_feature":"hide","_kad_post_feature_position":"","_kad_post_header":false,"_kad_post_footer":false,"footnotes":""},"class_list":["post-1647","page","type-page","status-publish","hentry"],"_links":{"self":[{"href":"https:\/\/ungraphiste.danielfortin.fr\/index.php\/wp-json\/wp\/v2\/pages\/1647","targetHints":{"allow":["GET"]}}],"collection":[{"href":"https:\/\/ungraphiste.danielfortin.fr\/index.php\/wp-json\/wp\/v2\/pages"}],"about":[{"href":"https:\/\/ungraphiste.danielfortin.fr\/index.php\/wp-json\/wp\/v2\/types\/page"}],"author":[{"embeddable":true,"href":"https:\/\/ungraphiste.danielfortin.fr\/index.php\/wp-json\/wp\/v2\/users\/1"}],"replies":[{"embeddable":true,"href":"https:\/\/ungraphiste.danielfortin.fr\/index.php\/wp-json\/wp\/v2\/comments?post=1647"}],"version-history":[{"count":8,"href":"https:\/\/ungraphiste.danielfortin.fr\/index.php\/wp-json\/wp\/v2\/pages\/1647\/revisions"}],"predecessor-version":[{"id":1660,"href":"https:\/\/ungraphiste.danielfortin.fr\/index.php\/wp-json\/wp\/v2\/pages\/1647\/revisions\/1660"}],"wp:attachment":[{"href":"https:\/\/ungraphiste.danielfortin.fr\/index.php\/wp-json\/wp\/v2\/media?parent=1647"}],"curies":[{"name":"wp","href":"https:\/\/api.w.org\/{rel}","templated":true}]}}