{"id":1838,"date":"2024-12-09T13:54:33","date_gmt":"2024-12-09T12:54:33","guid":{"rendered":"https:\/\/ungraphiste.danielfortin.fr\/?page_id=1838"},"modified":"2024-12-09T14:24:23","modified_gmt":"2024-12-09T13:24:23","slug":"real-chatillon-3","status":"publish","type":"page","link":"https:\/\/ungraphiste.danielfortin.fr\/index.php\/real-chatillon-3\/","title":{"rendered":"Real-Chatillon 3"},"content":{"rendered":"\t\t<div data-elementor-type=\"wp-page\" data-elementor-id=\"1838\" class=\"elementor elementor-1838\">\n\t\t\t\t\t\t<section class=\"elementor-section elementor-top-section elementor-element elementor-element-de1c1df elementor-section-boxed elementor-section-height-default elementor-section-height-default\" data-id=\"de1c1df\" data-element_type=\"section\" data-e-type=\"section\">\n\t\t\t\t\t\t<div class=\"elementor-container elementor-column-gap-default\">\n\t\t\t\t\t<div class=\"elementor-column elementor-col-66 elementor-top-column elementor-element elementor-element-d32732f elementor-invisible\" data-id=\"d32732f\" data-element_type=\"column\" data-e-type=\"column\" data-settings=\"{&quot;animation&quot;:&quot;fadeInLeft&quot;}\">\n\t\t\t<div class=\"elementor-widget-wrap elementor-element-populated\">\n\t\t\t\t\t\t<div class=\"elementor-element elementor-element-f794821 elementor-widget elementor-widget-image\" data-id=\"f794821\" data-element_type=\"widget\" data-e-type=\"widget\" data-widget_type=\"image.default\">\n\t\t\t\t<div class=\"elementor-widget-container\">\n\t\t\t\t\t\t\t\t\t\t\t\t\t\t\t<img fetchpriority=\"high\" decoding=\"async\" width=\"768\" height=\"576\" src=\"https:\/\/ungraphiste.danielfortin.fr\/wp-content\/uploads\/2024\/12\/Mockup_3Chatillon-768x576.jpg\" class=\"attachment-medium_large size-medium_large wp-image-1835\" alt=\"un graphiste en Mayenne - R\u00e9alisation - Ch\u00e2tillon-sur-Colmont - Bulletin Municipal\" srcset=\"https:\/\/ungraphiste.danielfortin.fr\/wp-content\/uploads\/2024\/12\/Mockup_3Chatillon-768x576.jpg 768w, https:\/\/ungraphiste.danielfortin.fr\/wp-content\/uploads\/2024\/12\/Mockup_3Chatillon-300x225.jpg 300w, https:\/\/ungraphiste.danielfortin.fr\/wp-content\/uploads\/2024\/12\/Mockup_3Chatillon-1024x768.jpg 1024w, https:\/\/ungraphiste.danielfortin.fr\/wp-content\/uploads\/2024\/12\/Mockup_3Chatillon-1536x1152.jpg 1536w, https:\/\/ungraphiste.danielfortin.fr\/wp-content\/uploads\/2024\/12\/Mockup_3Chatillon-2048x1536.jpg 2048w\" sizes=\"(max-width: 768px) 100vw, 768px\" \/>\t\t\t\t\t\t\t\t\t\t\t\t\t\t\t<\/div>\n\t\t\t\t<\/div>\n\t\t\t\t<div class=\"elementor-element elementor-element-1af6941 elementor-widget elementor-widget-image\" data-id=\"1af6941\" data-element_type=\"widget\" data-e-type=\"widget\" data-widget_type=\"image.default\">\n\t\t\t\t<div class=\"elementor-widget-container\">\n\t\t\t\t\t\t\t\t\t\t\t\t\t\t\t<img decoding=\"async\" width=\"768\" height=\"576\" src=\"https:\/\/ungraphiste.danielfortin.fr\/wp-content\/uploads\/2024\/12\/Mockup_3Chatillon2-768x576.jpg\" class=\"attachment-medium_large size-medium_large wp-image-1836\" alt=\"un graphiste en Mayenne - R\u00e9alisation - Ch\u00e2tillon-sur-Colmont - Bulletin Municipal\" srcset=\"https:\/\/ungraphiste.danielfortin.fr\/wp-content\/uploads\/2024\/12\/Mockup_3Chatillon2-768x576.jpg 768w, https:\/\/ungraphiste.danielfortin.fr\/wp-content\/uploads\/2024\/12\/Mockup_3Chatillon2-300x225.jpg 300w, https:\/\/ungraphiste.danielfortin.fr\/wp-content\/uploads\/2024\/12\/Mockup_3Chatillon2-1024x768.jpg 1024w, https:\/\/ungraphiste.danielfortin.fr\/wp-content\/uploads\/2024\/12\/Mockup_3Chatillon2-1536x1152.jpg 1536w, https:\/\/ungraphiste.danielfortin.fr\/wp-content\/uploads\/2024\/12\/Mockup_3Chatillon2.jpg 1920w\" sizes=\"(max-width: 768px) 100vw, 768px\" \/>\t\t\t\t\t\t\t\t\t\t\t\t\t\t\t<\/div>\n\t\t\t\t<\/div>\n\t\t\t\t<div class=\"elementor-element elementor-element-31f6f68 elementor-widget elementor-widget-image\" data-id=\"31f6f68\" data-element_type=\"widget\" data-e-type=\"widget\" data-widget_type=\"image.default\">\n\t\t\t\t<div class=\"elementor-widget-container\">\n\t\t\t\t\t\t\t\t\t\t\t\t\t\t\t<img decoding=\"async\" width=\"768\" height=\"576\" src=\"https:\/\/ungraphiste.danielfortin.fr\/wp-content\/uploads\/2024\/12\/Mockup_3Chatillon3-768x576.jpg\" class=\"attachment-medium_large size-medium_large wp-image-1837\" alt=\"un graphiste en Mayenne - R\u00e9alisation - Ch\u00e2tillon-sur-Colmont - Bulletin Municipal\" srcset=\"https:\/\/ungraphiste.danielfortin.fr\/wp-content\/uploads\/2024\/12\/Mockup_3Chatillon3-768x576.jpg 768w, https:\/\/ungraphiste.danielfortin.fr\/wp-content\/uploads\/2024\/12\/Mockup_3Chatillon3-300x225.jpg 300w, https:\/\/ungraphiste.danielfortin.fr\/wp-content\/uploads\/2024\/12\/Mockup_3Chatillon3-1024x768.jpg 1024w, https:\/\/ungraphiste.danielfortin.fr\/wp-content\/uploads\/2024\/12\/Mockup_3Chatillon3.jpg 1500w\" sizes=\"(max-width: 768px) 100vw, 768px\" \/>\t\t\t\t\t\t\t\t\t\t\t\t\t\t\t<\/div>\n\t\t\t\t<\/div>\n\t\t\t\t<div class=\"elementor-element elementor-element-2c36ea8 elementor-align-center elementor-widget elementor-widget-button\" data-id=\"2c36ea8\" data-element_type=\"widget\" data-e-type=\"widget\" data-widget_type=\"button.default\">\n\t\t\t\t<div class=\"elementor-widget-container\">\n\t\t\t\t\t\t\t\t\t<div class=\"elementor-button-wrapper\">\n\t\t\t\t\t<a class=\"elementor-button elementor-button-link elementor-size-md\" href=\"http:\/\/ungraphiste.danielfortin.fr\/wp-content\/uploads\/2024\/12\/Bulletin_municipal_2025_Web.pdf\" target=\"_blank\">\n\t\t\t\t\t\t<span class=\"elementor-button-content-wrapper\">\n\t\t\t\t\t\t<span class=\"elementor-button-icon\">\n\t\t\t\t<i aria-hidden=\"true\" class=\"fas fa-file-pdf\"><\/i>\t\t\t<\/span>\n\t\t\t\t\t\t\t\t\t<span class=\"elementor-button-text\">T\u00e9l\u00e9charger le bulletin complet en PDF<\/span>\n\t\t\t\t\t<\/span>\n\t\t\t\t\t<\/a>\n\t\t\t\t<\/div>\n\t\t\t\t\t\t\t\t<\/div>\n\t\t\t\t<\/div>\n\t\t\t\t\t<\/div>\n\t\t<\/div>\n\t\t\t\t<div class=\"elementor-column elementor-col-33 elementor-top-column elementor-element elementor-element-bd46f6a\" data-id=\"bd46f6a\" data-element_type=\"column\" data-e-type=\"column\" data-settings=\"{&quot;background_background&quot;:&quot;classic&quot;,&quot;animation&quot;:&quot;none&quot;}\">\n\t\t\t<div class=\"elementor-widget-wrap elementor-element-populated\">\n\t\t\t\t\t\t<section class=\"elementor-section elementor-inner-section elementor-element elementor-element-d3c311c stick elementor-section-content-space-between elementor-section-boxed elementor-section-height-default elementor-section-height-default elementor-invisible\" data-id=\"d3c311c\" data-element_type=\"section\" data-e-type=\"section\" data-settings=\"{&quot;animation&quot;:&quot;fadeInRight&quot;}\">\n\t\t\t\t\t\t<div class=\"elementor-container elementor-column-gap-default\">\n\t\t\t\t\t<div class=\"elementor-column elementor-col-100 elementor-inner-column elementor-element elementor-element-ea941da\" data-id=\"ea941da\" data-element_type=\"column\" data-e-type=\"column\" data-settings=\"{&quot;background_background&quot;:&quot;classic&quot;}\">\n\t\t\t<div class=\"elementor-widget-wrap elementor-element-populated\">\n\t\t\t\t\t\t<div class=\"elementor-element elementor-element-f6b41bf elementor-widget elementor-widget-heading\" data-id=\"f6b41bf\" data-element_type=\"widget\" data-e-type=\"widget\" data-widget_type=\"heading.default\">\n\t\t\t\t<div class=\"elementor-widget-container\">\n\t\t\t\t\t<h2 class=\"elementor-heading-title elementor-size-xl\">CH\u00c2TILLON-SUR-COLMONT<\/h2>\t\t\t\t<\/div>\n\t\t\t\t<\/div>\n\t\t\t\t<div class=\"elementor-element elementor-element-da51cf1 elementor-widget__width-initial elementor-widget elementor-widget-text-editor\" data-id=\"da51cf1\" data-element_type=\"widget\" data-e-type=\"widget\" data-widget_type=\"text-editor.default\">\n\t\t\t\t<div class=\"elementor-widget-container\">\n\t\t\t\t\t\t\t\t\t<h4>Bulletin municipal annuel<\/h4><p>Mise au point de la maquette, mise en forme des contenus, recherche iconographique, prises de vue, retouches photo, ajustements typographiques, relecture, contr\u00f4le des \u00e9preuves.<\/p><p>Mise au point d&rsquo;un PDF interactif pour le Web.<\/p>\t\t\t\t\t\t\t\t<\/div>\n\t\t\t\t<\/div>\n\t\t\t\t<div class=\"elementor-element elementor-element-ec67c17 elementor-widget__width-initial elementor-absolute elementor-view-default elementor-widget elementor-widget-icon\" data-id=\"ec67c17\" data-element_type=\"widget\" data-e-type=\"widget\" data-settings=\"{&quot;_position&quot;:&quot;absolute&quot;}\" data-widget_type=\"icon.default\">\n\t\t\t\t<div class=\"elementor-widget-container\">\n\t\t\t\t\t\t\t<div class=\"elementor-icon-wrapper\">\n\t\t\t<a class=\"elementor-icon\" href=\"\/index.php\/realisations\/\">\n\t\t\t<i aria-hidden=\"true\" class=\"fas fa-angle-left\"><\/i>\t\t\t<\/a>\n\t\t<\/div>\n\t\t\t\t\t\t<\/div>\n\t\t\t\t<\/div>\n\t\t\t\t\t<\/div>\n\t\t<\/div>\n\t\t\t\t\t<\/div>\n\t\t<\/section>\n\t\t\t\t\t<\/div>\n\t\t<\/div>\n\t\t\t\t\t<\/div>\n\t\t<\/section>\n\t\t\t\t<\/div>\n\t\t","protected":false},"excerpt":{"rendered":"<p>T\u00e9l\u00e9charger le bulletin complet en PDF CH\u00c2TILLON-SUR-COLMONT Bulletin municipal annuel Mise au point de la maquette, mise en forme des contenus, recherche iconographique, prises de vue, retouches photo, ajustements typographiques, relecture, contr\u00f4le des \u00e9preuves. Mise au point d&rsquo;un PDF interactif pour le Web.<\/p>\n","protected":false},"author":1,"featured_media":0,"parent":0,"menu_order":0,"comment_status":"closed","ping_status":"closed","template":"","meta":{"_kad_post_transparent":"","_kad_post_title":"hide","_kad_post_layout":"fullwidth","_kad_post_sidebar_id":"","_kad_post_content_style":"unboxed","_kad_post_vertical_padding":"hide","_kad_post_feature":"hide","_kad_post_feature_position":"","_kad_post_header":false,"_kad_post_footer":false,"footnotes":""},"class_list":["post-1838","page","type-page","status-publish","hentry"],"_links":{"self":[{"href":"https:\/\/ungraphiste.danielfortin.fr\/index.php\/wp-json\/wp\/v2\/pages\/1838","targetHints":{"allow":["GET"]}}],"collection":[{"href":"https:\/\/ungraphiste.danielfortin.fr\/index.php\/wp-json\/wp\/v2\/pages"}],"about":[{"href":"https:\/\/ungraphiste.danielfortin.fr\/index.php\/wp-json\/wp\/v2\/types\/page"}],"author":[{"embeddable":true,"href":"https:\/\/ungraphiste.danielfortin.fr\/index.php\/wp-json\/wp\/v2\/users\/1"}],"replies":[{"embeddable":true,"href":"https:\/\/ungraphiste.danielfortin.fr\/index.php\/wp-json\/wp\/v2\/comments?post=1838"}],"version-history":[{"count":10,"href":"https:\/\/ungraphiste.danielfortin.fr\/index.php\/wp-json\/wp\/v2\/pages\/1838\/revisions"}],"predecessor-version":[{"id":1869,"href":"https:\/\/ungraphiste.danielfortin.fr\/index.php\/wp-json\/wp\/v2\/pages\/1838\/revisions\/1869"}],"wp:attachment":[{"href":"https:\/\/ungraphiste.danielfortin.fr\/index.php\/wp-json\/wp\/v2\/media?parent=1838"}],"curies":[{"name":"wp","href":"https:\/\/api.w.org\/{rel}","templated":true}]}}